30234/552 - 30/24. Calculate the highest common factor of 75 and u.
3
Let w(b) = -21*b - 88. Let f be w(-4). Let q be (18/(-45))/(f/170). What is the greatest common divisor of q and 391?
17
Let o be -3 + 4 + (-32 - -36) + (-2 - -1). Let n = -2 + 50. Suppose -5*r + 4*h + n = -13, -40 = -o*r + h. What is the greatest common divisor of 18 and r?
9
Suppose -212*t - 12087 = -229*t. Calculate the highest common factor of t and 1343.
79
Let t be 8*(55/(-20) - -3). Suppose -5*d + 98 = t*c, 0 = -2*c - 2*c + 16. Let n be (-1 + -21)*d/(-4). What is the highest common factor of n and 11?
11
Suppose -21*t - 50*t + 72775 = 0. Calculate the highest common factor of t and 41.
41
Suppose -y + 0*y = -4. Suppose -3*f = 4*s + 13, -2*s = -y*f - 5*s - 8. Suppose 12*q + 6025 - 6217 = 0. What is the highest common factor of q and f?
1
Suppose 0 = -2*y + 3*z, -3*y - 2*z + 38 = 12. Suppose y*p = 476 - 188. What is the highest common divisor of p and 304?
16
Suppose 50*t + 56*t + 88900 = 131*t. Calculate the greatest common factor of 112 and t.
28
Let r be 7491/(-11)*3/9. Let x = r + 472. What is the greatest common divisor of x and 140?
35
Let j = 20287 + -13362. Calculate the highest common factor of 25 and j.
25
Let f be -3 - ((-338 - 9) + -1). Let l be (-3)/(-9) + (-445)/(-15). What is the highest common divisor of l and f?
15
Let q be (10/(-6))/(2*(-20)/144). Let s be q/12*2/4*0. Suppose 0*b + 3*c + 574 = 2*b, s = -4*c. Calculate the highest common factor of 41 and b.
41
Let m(f) = 83*f + 513. Let t be m(11). Calculate the greatest common divisor of t and 184.
46
Suppose -w + 3*w - 8 = 0. Suppose 256 + 251 = -39*b. Let r(h) = h**3 + 14*h**2 + 11*h - 23. Let u be r(b). Calculate the greatest common divisor of u and w.
1
Let h = -404 + 703. Let u(b) = -13799*b - 179341. Let v be u(-13). What is the greatest common factor of v and h?
23
Let m(h) = -21*h + 139. Let x be m(6). Let u be ((-6)/(-4))/((-3)/(-4)). Suppose u*s - 93 = 37. Calculate the greatest common factor of s and x.
13
Let h(o) be the third derivative of 23/60*o**5 + 25*o**2 - 1/24*o**4 + 0 + 1/3*o**3 + 0*o. Let m be h(-2). Calculate the greatest common factor of m and 144.
48
Let x be ((-24)/(-7))/((-1)/(-7)). Suppose a = 5, -2*n - 42 = -a - 911. Suppose 187 + n = 13*t. Calculate the greatest common factor of t and x.
24
Let c be 1 + 10 + 0/2. Suppose 2*n + 8 = 10*w, -2*w + 4 = 8*n - 6*n. What is the greatest common divisor of c and w?
1
Let m(p) = -6*p + 41. Let j be m(7). Let i be 42 - ((-5 - j) + -4). Calculate the highest common factor of i and 350.
50
Suppose 0 = k - 2*d - 29 - 25, k = -4*d + 54. Calculate the greatest common factor of k and 12.
6
Suppose -14*h - 792 = -16*h. Suppose -9*b + 7*b = -h. What is the highest common factor of 36 and b?
18
Suppose -f = -3*h + 5, -2*f - f = 2*h - 18. Suppose f*r - 5*j = 161, 5*r - 7*j - 180 = -5*j. Calculate the greatest common factor of 68 and r.
34
Let a(p) = -229*p - 135. Let f be a(-1). Calculate the greatest common divisor of f and 2.
2
Let q(c) = 2*c**2 + 43*c + 52*c - 25 + 47*c - 144*c. Let k be q(-4). What is the greatest common divisor of k and 240?
15
Let p = -29363 + 29374. Let r be 4/(-10) + (-1762)/(-5). What is the highest common divisor of r and p?
11
Let c be 7280/28*4/5. What is the highest common factor of 80 and c?
16
Let g(v) = -20*v - 30. Suppose -5*a = 4*i - 7 + 51, a = -4*i - 12. Let s be g(a). Calculate the greatest common divisor of s and 50.
10
Let j = 5 - 2. Suppose -3*i = -j*h + 30, 0 = -3*i + 3. Let p = 21429 + -21385. What is the highest common factor of p and h?
11
Let m be ((-3)/(-9))/(2/78). Suppose -m*p = p - 1190. What is the highest common divisor of p and 136?
17
Suppose -159*z = 2*o - 154*z - 1398, 2*o + 3*z - 1410 = 0. What is the greatest common factor of 210 and o?
42
Let o be ((-5 - -4) + -1)*(26 - 1). Let y be 130*4*(-5)/o. Suppose -y = -7*h + 3*h. What is the highest common divisor of 13 and h?
13
Let i = -2304 - -2766. Calculate the greatest common factor of 858 and i.
66
Let b be 31*-6*(-18)/3*(-9)/(-162). What is the highest common factor of b and 1333?
31
Let y be 3/(-3) - -3 - 37. Let t = 18 - y. Suppose -5*f + t = -7. Calculate the greatest common factor of 15 and f.
3
Suppose -5*q = -5*j + 25, -3*j = -q - 4 - 3. Let x(h) = -79*h + 8. Let w be x(q). Calculate the highest common divisor of 18 and w.
18
Suppose 0 = -2*w - 6*w + 592. Let t = w - 40. Let x = -33 + t. What is the highest common divisor of 8 and x?
1
Suppose -39*z + 6785 + 4359 + 2545 = 0. What is the greatest common factor of z and 559?
13
Let r be -3 - (-19 - -13)*4/3. Suppose -r*c + 4 = -21, -c = -3*q + 112. Let y be (-27)/(-135) - q/(-5). What is the highest common divisor of 32 and y?
8
Let o = 1303 - 1035. Calculate the greatest common divisor of 6 and o.
2
Suppose q = -w - 0*q + 47125, -4*q + 94252 = 2*w. Suppose w = 16*k + 28*k. Calculate the highest common divisor of 21 and k.
21
Let y be -1 - -15*((-211)/(-35) - (-6)/(-14)). What is the highest common factor of 2407 and y?
83
Let u = -172 - -279. Suppose 0 = 8*r - 5*r - 138. Let q = u + r. Calculate the greatest common divisor of q and 17.
17
Let f = 253 + -97. Suppose y = -j + 64, -4*j = -4*y - 84 - f. Suppose -279 = a - 4*a. Calculate the greatest common factor of a and j.
31
Let n be (2540/3810)/(2/(-8) - (-62)/216). Let c(d) = -d**3 + 7*d**2 - 6*d + 9. Let g be c(6). What is the greatest common factor of g and n?
9
Let c be (-4 - -1)*(-11 - 7). Let o = 10629 - 10611. What is the highest common factor of o and c?
18
Let y = -113 - -175. Suppose 278*v - 854*v = -107136. What is the greatest common divisor of y and v?
62
Suppose 3*a + 143 = 5*b - 0*b, -4*b + 113 = -a. Suppose 4 = y + 5*p - 12, 0 = -4*y + 4*p + 64. What is the highest common factor of y and b?
4
Let j = 659 - 416. Let q(x) = 14*x**2 - 3*x - 8. Let a be q(-2). Suppose -k + a = 2*o - 2*k, -5*k = 0. What is the highest common divisor of o and j?
27
Suppose -11*f - 8 = -9*f. Let w(r) = -12*r - 18. Let u be w(f). What is the greatest common factor of u and 105?
15
Let p = 0 + 0. Suppose p*r = 3*r - 30. Let a = 588 + -578. Calculate the highest common divisor of r and a.
10
Let t(l) = l**2 - 53*l + 37*l - 24 + 26*l. Let s be t(-18). What is the highest common divisor of s and 24?
24
Let j be (4*279/(-248))/(369/186 - 2). Calculate the highest common divisor of 171 and j.
9
Let m be ((-6)/(-5))/((-152)/(-4560)). Suppose 5*z = -5*d - 285, 0*d - 2*d - 54 = z. Let c = -36 - z. What is the highest common factor of m and c?
12
Let s = -5463 - -5613. Calculate the highest common divisor of s and 1770.
30
Let z be 10/4*407/110*124. What is the greatest common factor of z and 155?
31
Let k(i) = 19*i + 184. Let n be k(-4). Suppose 5*z = -c - 113, -c - 3*z - 103 = -0*z. Let u = -52 - c. Calculate the greatest common divisor of n and u.
36
Suppose 1 = -22*j + 5081 + 156. Let h(r) = 67*r**3 + 2*r - 1. Let a be h(1). What is the greatest common factor of j and a?
34
Suppose 4*d + 2*q = -402, 5*d + 29 + 475 = -q. Let n = 135 + d. What is the greatest common factor of n and 4?
2
Let i(q) = -52*q**3 - 5*q**2 - q + 3. Let k be i(-2). Calculate the highest common factor of k and 1.
1
Suppose 774*q = 782*q - 5128. Let y = 673 - q. Calculate the highest common divisor of y and 40.
8
Suppose 63*h - 67*h - 4*c + 608 = 0, 2*h - 3*c = 269. What is the highest common factor of h and 1769?
29
Suppose 3354*j - 3407*j + 16218 = 0. Calculate the greatest common factor of 8313 and j.
51
Let u be ((-172)/5)/((-4)/170). What is the greatest common factor of u and 34?
34
Let q(l) = 4*l - 53. Let r be q(15). Let a(s) = -2*s**3 + 13*s**2 + 8*s + 9. Let g be a(r). Calculate the greatest common factor of g and 112.
16
Suppose 2 = -h + 4. Suppose 5*r - 52 = h*b, -2*b + 56 = 4*r - 0*b. What is the highest common factor of 60 and r?
12
Let i be (-6)/(-42) + 1152/21 + 2. What is the highest common divisor of 87 and i?
3
Let v = -1434 + 1452. What is the greatest common divisor of v and 186?
6
Let y = 27839 + -11903. Calculate the greatest common factor of y and 192.
192
Suppose 0 = -f + 4*s - 13, 5*s = 10*f - 8*f + 8. Calculate the highest common factor of f and 8503.
11
Let r = 2112 + -2067. What is the greatest common divisor of r and 2580?
15
Let m be (0 - 3)